{"id":467,"date":"2022-02-17T10:08:10","date_gmt":"2022-02-17T09:08:10","guid":{"rendered":"https:\/\/www.omop.it\/?page_id=467"},"modified":"2025-03-12T09:14:23","modified_gmt":"2025-03-12T08:14:23","slug":"domande-frequenti-f-a-q","status":"publish","type":"page","link":"https:\/\/www.omop.it\/index.php\/domande-frequenti-f-a-q\/","title":{"rendered":"Domande Frequenti (F.A.Q.)"},"content":{"rendered":"\n<ol class=\"wp-block-list\">\n<li><strong>Come deve essere effettuata l&#8217;iscrizione all&#8217;Albo dei Medici Chirurghi o all&#8217;Albo degli Odontoiatri ?<\/strong><br>Tutte le informazioni utili e la modulistica necessaria sono disponibili nella sezione &#8220;<a href=\"https:\/\/www.omop.it\/index.php\/come-iscriversi\/\" data-type=\"page\" data-id=\"241\">come iscriversi<\/a>&#8221; del nostro sito.<\/li>\n\n\n\n<li><strong>Come si pu\u00f2 operare la doppia iscrizione ai due Albi?<\/strong><br>Tutte le informazioni utili e la modulistica necessaria sono disponibili nella sezione &#8220;<a href=\"https:\/\/www.omop.it\/index.php\/come-iscriversi\/\" data-type=\"page\" data-id=\"241\">come iscriversi<\/a>&#8221; del nostro sito.<\/li>\n\n\n\n<li><strong>Come deve essere effettuata l&#8217;iscrizione all&#8217;Ordine di Pesaro-Urbino per trasferimento da altro Ordine?<\/strong><br>Tutte le informazioni utili e la modulistica necessaria sono disponibili nella sezione &#8220;<a href=\"https:\/\/www.omop.it\/index.php\/come-iscriversi\/\" data-type=\"page\" data-id=\"241\">come iscriversi<\/a>&#8221; del nostro sito.<\/li>\n\n\n\n<li><strong>Cosa vuol dire essere iscritti all&#8217;Ordine dei Medici?<\/strong><br>Per poter esercitare lecitamente la Professione di Medico o di Odontoiatra, oltre ad essere in possesso della Laurea e dell&#8217;Abilitazione professionale (Esame di Stato), \u00e8 necessaria l&#8217;iscrizione all&#8217;Ordine.<br>L&#8217;Ordine tutela la dignit\u00e0 ed il decoro professionale a garanzia della professionalit\u00e0 dei Sanitari Iscritti.<br>E&#8217; fatto obbligo a ciascun iscritto il rispetto delle norme contenute nel Codice di Deontologia, come pure di tutte le normative in materia sanitaria.<br>In caso di violazione, si \u00e8 sottoposti a giudizio disciplinare che non sostituisce in alcun modo quello dell&#8217;Autorit\u00e0 Giudiziaria.<\/li>\n\n\n\n<li><strong>Gli specializzandi sono tenuti all&#8217;iscrizione all&#8217;Ordine dei Medici?<\/strong><br>Anche gli iscritti alle Scuole di specializzazione sono tenuti per Legge all&#8217;iscrizione all&#8217;Ordine Professionale, onde evitare le conseguenze previste per il reato di esercizio abusivo della Professione.<\/li>\n\n\n\n<li><strong>Come si pu\u00f2 effettuare la cancellazione dell&#8217;iscrizione dall&#8217;Albo?<\/strong><br>E&#8217; necessario compilare il <a href=\"https:\/\/www.omop.it\/wp-content\/uploads\/2025\/02\/MODULO-DI-CANCELLAZIONE-DALLALBO.pdf\">modulo<\/a> e presentarlo o inviarlo alla Segreteria (con tutti i documenti ivi indicati) entro la prima met\u00e0 di dicembre per non pagare la quota di iscrizione dell&#8217;anno successivo.<\/li>\n\n\n\n<li><strong>Come si pu\u00f2 richiedere un certificato di iscrizione all&#8217;Albo?<\/strong><br>quando vi \u00e8 la necessit\u00e0 di ottenere un certificato di iscrizione su carta intestata e con marca da bollo da euro 16,00 (generalmente richiesto da privati) o un riepilogo dei dati di iscrizione valevole come autocertificazione (generalmente per gli enti pubblici) \u00e8 sufficiente collegarsi al sito istituzionale <a href=\"http:\/\/www.omop.it\">www.omop.it<\/a> &nbsp;&nbsp;&#8211;&gt; ACCEDI AI SERVIZI ON-LINE &#8211;&gt; ENTRA CON SPID e generare il documento. In ogni modo, chi ne avesse necessit\u00e0, pu\u00f2 farne richiesta telefonicamente o recandosi di persona alla Segreteria dell&#8217;Ordine.<\/li>\n\n\n\n<li><strong>Come si pu\u00f2 ritirare il certificato di iscrizione all&#8217;Albo?<\/strong><br>In ottemperanza alla nuove disposizioni impartite dalla legge 31.12.1996 n. 675 inerente la &#8220;Tutela delle persone e altri soggetti rispetto al trattamento dei dati personali&#8221;, i certificati di iscrizione agli albi possono essere consegnati anche a soggetti diversi dall&#8217;interessato purch\u00e9 muniti di delega scritta e previa presentazione di documento di riconoscimento dell&#8217;iscritto e del richiedente.<\/li>\n\n\n\n<li><strong>Come si pu\u00f2 richiedere la tessera di iscrizione e il contrassegno per l&#8217;auto?<\/strong><br>Per la richiesta della tessera di iscrizione occorre recarsi presso la Segreteria dell&#8217;Ordine con n. 1 fotografia a colori uguali formato tessera. Il contrassegno per l&#8217;auto pu\u00f2 essere richiesto alla Segreteria dell&#8217;Ordine.<\/li>\n\n\n\n<li><strong>&nbsp;Come si deve pagare la tassa di iscrizione all&#8217;Albo?&nbsp;<\/strong><br>Il bollettino per il pagamento della quota annuale di iscrizione all\u2019Ordine, viene inviato all\u2019indirizzo email e all\u2019indirizzo PEC comunicato all\u2019Ordine dal medico nel mese di febbraio di ogni anno. Le modalit\u00e0 di pagamento sono molteplici (PagoPA, on-line tramite sito web dell&#8217;Ordine, home banking, sportello di banca, sportello bancomat, sportello Sisal, tabaccheria). La scadenza rimane invariata al 31.03 di ogni anno. (<strong><u>Quota Albo Medici euro 130<\/u><\/strong> &#8211; <strong><u>Quota Albo Odontoiatri euro 130<\/u><\/strong> &#8211; <strong><u>Quota Doppio Iscritto euro 237<\/u><\/strong> )<\/li>\n\n\n\n<li><strong>Come si deve comunicare la propria disponibilit\u00e0 per sostituzioni?<\/strong><br>E&#8217; necessario compilare il modulo di disponibilit\u00e0 (nella sezione Modulistica).<\/li>\n\n\n\n<li><strong>Come si deve comunicare la propria disponibilit\u00e0 per prestazioni estemporanee?<\/strong><br>Saltuariamente giungono all&#8217;Ordine richieste di personale medico per prestazioni estemporanee per lo pi\u00f9 della durata di pochi giorni.<br>Per accedere alla lista dei medici disponibili per l&#8217;anno in corso gli interessati devono fare domanda alla segreteria dell&#8217;Ordine.<\/li>\n\n\n\n<li><strong>Come si pu\u00f2 richiedere il parere di congruit\u00e0 delle parcelle?<\/strong><br>Occorre presentare presso la Segreteria dell&#8217;Ordine la parcella completa di tutti i dettagli. L&#8217;iscritto dovr\u00e0 provvedere al pagamento del 3% dell&#8217;importo della parcella quale tassa pareri liquidazioni onorari (<a href=\"https:\/\/www.omop.it\/wp-content\/uploads\/2022\/05\/Parere_di_Congruita_luglio_2020.pdf\" data-type=\"link\" data-id=\"https:\/\/www.omop.it\/wp-content\/uploads\/2022\/05\/Parere_di_Congruita_luglio_2020.pdf\">modulo<\/a>).Per informazioni in merito, \u00e8 possibile comunque contattare la Segreteria dell&#8217;Ordine<\/li>\n\n\n\n<li><strong>Come viene supportata dall&#8217;Ordine la tutela previdenziale dei Sanitari?<\/strong><br>Tutti i Sanitari, al momento dell&#8217;iscrizione all&#8217;Ordine vengono iscritti anche al Fondo di Previdenza Generale dell&#8217;ENPAM che garantir\u00e0, al compimento del 65\u00b0 anno di et\u00e0 (pensione anticipata) o al compimento del 68\u00b0 anno di et\u00e0 (pensione di vecchiaia) un trattamento pensionistico, rispettando i requisiti indicati dall&#8217;Enpam stesso.<br>Il libero professionista effettua dei versamenti integrativi sulla base dei redditi conseguiti.<br>I medici convenzionati con il SSN usufruiscono di una ulteriore pensione gestita dai Fondi Speciali di previdenza dell&#8217;ENPAM.<br>Per ulteriori informazioni rivolgersi alla Segreteria dell&#8217;Ordine.<\/li>\n\n\n\n<li><strong>Come si deve presentare la domanda di pensionamento?<\/strong><br>La domanda di pensione pu\u00f2 essere presentata direttamente dall&#8217;Area Riservata ENPAM cui ci si deve iscrivere con il proprio SPID. Per ulteriori informazioni rivolgersi presso la Segreteria dell&#8217;Ordine.<\/li>\n\n\n\n<li><strong>Come si pu\u00f2 richiedere il riscatto degli anni di laurea o di specialit\u00e0 all&#8217;ENPAM?<\/strong><br>Per tutti i tipi di riscatto (<em>fondi speciali, fondo libera professione), <\/em>i riscatti possono essere presentati direttamente dalla propria Area Riservata.<br>Dal 2001 l&#8217;importo del riscatto \u00e8 totalmente deducibile dalla dichiarazione dei redditi. (i moduli sono disponibili nel sito ENPAM: http:\/\/www.enpam.it\/).<\/li>\n\n\n\n<li><strong>Come consultare i Crediti Formativi ECM?<\/strong><br>E&#8217; necessario collegarsi al sito del COGEAPS <a href=\"https:\/\/application.cogeaps.it\/login\/\">https:\/\/application.cogeaps.it\/login\/<\/a> ed effettuare il login con SPID (o carta di identit\u00e0 elettronica)<\/li>\n\n\n\n<li><strong>Come deve essere presentata la denuncia di malattia?<\/strong><br>I primi 30 giorni di assenza dal lavoro sono coperti dalla compagnia Cattolica in coassicurazione con Aviva Italia. La comunicazione va fatta compilando il modulo che si trova online sul sito&nbsp;<a href=\"http:\/\/www.polizza30giornimedici.it\/#polizzeedocumenti\">www.polizza30giornimedici.it<\/a>&nbsp;&nbsp;e inviandolo&nbsp;<strong>tramite Pec o raccomandata<\/strong>.<\/li>\n<\/ol>\n\n\n\n<p><\/p>\n","protected":false},"excerpt":{"rendered":"","protected":false},"author":1,"featured_media":0,"parent":0,"menu_order":0,"comment_status":"closed","ping_status":"closed","template":"page-nosidebar.php","meta":{"footnotes":""},"tags":[],"folder":[],"class_list":["post-467","page","type-page","status-publish","hentry"],"publishpress_future_action":{"enabled":false,"date":"2026-04-13 14:00:38","action":"change-status","newStatus":"private","terms":[],"taxonomy":"post_tag","extraData":[]},"publishpress_future_workflow_manual_trigger":{"enabledWorkflows":[]},"_links":{"self":[{"href":"https:\/\/www.omop.it\/index.php\/wp-json\/wp\/v2\/pages\/467","targetHints":{"allow":["GET"]}}],"collection":[{"href":"https:\/\/www.omop.it\/index.php\/wp-json\/wp\/v2\/pages"}],"about":[{"href":"https:\/\/www.omop.it\/index.php\/wp-json\/wp\/v2\/types\/page"}],"author":[{"embeddable":true,"href":"https:\/\/www.omop.it\/index.php\/wp-json\/wp\/v2\/users\/1"}],"replies":[{"embeddable":true,"href":"https:\/\/www.omop.it\/index.php\/wp-json\/wp\/v2\/comments?post=467"}],"version-history":[{"count":20,"href":"https:\/\/www.omop.it\/index.php\/wp-json\/wp\/v2\/pages\/467\/revisions"}],"predecessor-version":[{"id":4062,"href":"https:\/\/www.omop.it\/index.php\/wp-json\/wp\/v2\/pages\/467\/revisions\/4062"}],"wp:attachment":[{"href":"https:\/\/www.omop.it\/index.php\/wp-json\/wp\/v2\/media?parent=467"}],"wp:term":[{"taxonomy":"post_tag","embeddable":true,"href":"https:\/\/www.omop.it\/index.php\/wp-json\/wp\/v2\/tags?post=467"},{"taxonomy":"folder","embeddable":true,"href":"https:\/\/www.omop.it\/index.php\/wp-json\/wp\/v2\/folder?post=467"}],"curies":[{"name":"wp","href":"https:\/\/api.w.org\/{rel}","templated":true}]}}