{"id":603,"date":"2022-02-17T14:46:57","date_gmt":"2022-02-17T13:46:57","guid":{"rendered":"https:\/\/www.omop.it\/?page_id=603"},"modified":"2022-02-17T14:47:57","modified_gmt":"2022-02-17T13:47:57","slug":"sperimentazione-scientifica","status":"publish","type":"page","link":"https:\/\/www.omop.it\/index.php\/sperimentazione-scientifica\/","title":{"rendered":"Sperimentazione Scientifica (art.47)"},"content":{"rendered":"\n<div class=\"wp-block-columns is-layout-flex wp-container-core-columns-is-layout-9d6595d7 wp-block-columns-is-layout-flex\">\n<div class=\"wp-block-column is-layout-flow wp-block-column-is-layout-flow\" style=\"flex-basis:33.33%\">\n<h6 class=\"wp-block-heading\" id=\"indirizzi-applicativi-allegati-all-art-47sperimentazione-scientifica\">Indirizzi applicativi allegati all&#8217;art. 47<br>Sperimentazione scientifica<\/h6>\n<\/div>\n\n\n\n<div class=\"wp-block-column is-layout-flow wp-block-column-is-layout-flow\" style=\"flex-basis:66.66%\">\n<p class=\"has-colore-primario-chiaro-color has-text-color\"><strong>La ricerca scientifica in medicina si avvale della sperimentazione sull\u2019uomo programmata e attuata nel quadro della normativa vigente e nel rispetto dei principi etici e delle tutele previste dalla Dichiarazione di Helsinki e dal Codice di deontologia medica.<\/strong><\/p>\n\n\n\n<ol class=\"wp-block-list\"><li>Il ricercatore deve mantenere un ruolo indipendente nella progettazione, conduzione, analisi, interpretazione, pubblicazione, utilizzo e finanziamento della ricerca.<\/li><li>La sperimentazione clinica controllata e randomizzata \u00e8 la metodologia pi\u00f9 valida per dimostrare l\u2019accuratezza di una diagnosi o gli esiti di una terapia e costituisce la base pi\u00f9 affidabile per le decisioni operative dei pazienti, dei clinici, delle agenzie regolatorie e dei decisori delle politiche sanitarie.<\/li><li>L\u2019interesse per la produzione di nuove conoscenze scientifiche non deve mai prevalere sui fini primari della tutela della salute, della vita e del rispetto della dignit\u00e0, dell\u2019integrit\u00e0 e del diritto all\u2019autodeterminazione e alla riservatezza dei dati personali dei soggetti coinvolti nella ricerca.<\/li><li>Il medico partecipa a uno studio clinico se la sua rilevanza scientifica \u00e8 superiore ai rischi prevedibili per i soggetti coinvolti nella ricerca ed \u00e8 prevalente sugli interessi economici o aziendali dei finanziatori della ricerca.<\/li><li>Il ricercatore, quando i rischi si rivelano superiori ai potenziali benefici o quando, a un\u2019analisi intermedia, esistano prove conclusive sui risultati definitivi, deve valutare se continuare, modificare o interrompere immediatamente lo studio, considerando inaccettabili protocolli di ricerca contenenti clausole d\u2019interruzione stabilite a discrezione del finanziatore.<\/li><li>La ricerca biomedica su gruppi di soggetti vulnerabili, sui minori o su incapaci \u00e8 giustificata solo se \u00e8 finalizzata alle esigenze di salute del gruppo stesso e non pu\u00f2 essere condotta su un gruppo diverso.<\/li><li>Il disegno dello studio, le analisi statistiche utilizzate, gli accorgimenti per evitare distorsioni nella stima dei risultati devono essere chiaramente descritti nel protocollo di ricerca tenendo in particolare conto le differenze di genere.<\/li><li>La fondatezza scientifica e la rilevanza sotto il profilo diagnostico e terapeutico di una sperimentazione clinica si basano su un\u2019approfondita valutazione delle evidenze disponibili in letteratura comprese quelle derivanti dalla ricerca sugli animali che devono sempre tutelarne il benessere.<\/li><li>L\u2019efficacia di un nuovo intervento deve essere comparata al miglior trattamento di efficacia comprovata o, in sua assenza, contro placebo. Il confronto con il non intervento o con un trattamento meno efficace rispetto al miglior trattamento disponibile \u00e8 accettabile se, per ragioni metodologiche convincenti e scientificamente valide, evita l\u2019esposizione dei pazienti ai rischi derivanti dal fatto di non aver ricevuto il trattamento di efficacia superiore.<\/li><li>Il medico sperimentatore deve garantire che il soggetto reclutato non sia sottratto a consolidati trattamenti indispensabili al mantenimento o al ripristino del suo stato di salute.<\/li><li>Il protocollo di uno studio deve essere registrato e pubblicamente accessibile prima dell\u2019arruolamento del primo partecipante, deve includere informazioni sul finanziamento, sulle affiliazioni istituzionali e i potenziali conflitti di interessi degli sperimentatori e sulle disposizioni per il trattamento e il risarcimento dei soggetti danneggiati dalla partecipazione alla ricerca.<\/li><li>Il medico sperimentatore raccoglie il consenso informato scritto del soggetto reclutato dopo aver illustrato gli scopi, i metodi, i benefici prevedibili e i rischi possibili della sua partecipazione e il diritto a ritirarsi in qualsiasi momento a suo insindacabile giudizio. Lo informa inoltre che notificher\u00e0 al medico curante l\u2019avvenuto reclutamento e il protocollo dello studio e che ricever\u00e0 la relazione finale con i risultati completi e le conclusioni dello studio.<\/li><li>L\u2019analisi, l\u2019interpretazione dei dati e la redazione del rapporto finale di uno studio \u00e8 un dovere dei medici che hanno eseguito la ricerca e non \u00e8 delegabile ad altri. I ricercatori hanno il dovere di rendere pubblicamente e integralmente disponibili e accessibili i risultati e le conclusioni di tutti gli studi clinici compresi i dati grezzi. I risultati negativi o non conclusivi devono essere sempre pubblicati o resi disponibili per evitare che venga sovrastimata l\u2019efficacia dei trattamenti e sottostimati gli effetti avversi. I ricercatori non devono sottoscrivere contratti che attribuiscano al finanziatore dello studio la propriet\u00e0 dei dati e la decisione in merito alla loro pubblicazione.<\/li><li>Gli sperimentatori devono sottoscrivere una dichiarazione nella quale affermano che la relazione finale \u00e8 un resoconto onesto, accurato e senza omissioni rilevanti dello studio e che le eventuali discrepanze rispetto al protocollo registrato sono state introdotte con appositi emendamenti approvati dal Comitato Etico competente.<\/li><li>Dichiarazione analoga, integrata con le fonti di finanziamento, le affiliazioni istituzionali e i conflitti di interessi, deve essere utilizzata per la sottomissione dell\u2019articolo per la pubblicazione su qualunque rivista.<\/li><li>Il medico non sottoscrive risultati di ricerche non conformi ai principi del Codice di deontologia medica. I comunicati stampa redatti dai ricercatori devono riflettere i risultati della ricerca senza enfatizzare i benefici del trattamento sperimentale per non generare nei pazienti aspettative non realistiche sui nuovi trattamenti.<\/li><\/ol>\n<\/div>\n<\/div>\n\n\n\n<p><\/p>\n","protected":false},"excerpt":{"rendered":"<p>Indirizzi applicativi allegati all&#8217;art. 47Sperimentazione scientifica La ricerca scientifica in medicina si avvale della sperimentazione sull\u2019uomo programmata e attuata nel quadro della normativa vigente e nel rispetto dei principi etici e delle tutele previste dalla Dichiarazione di Helsinki e dal Codice di deontologia medica.<\/p>\n","protected":false},"author":1,"featured_media":0,"parent":0,"menu_order":0,"comment_status":"closed","ping_status":"closed","template":"page-nosidebar.php","meta":{"footnotes":""},"tags":[],"folder":[],"class_list":["post-603","page","type-page","status-publish","hentry"],"publishpress_future_action":{"enabled":false,"date":"2026-05-22 14:26:22","action":"change-status","newStatus":"private","terms":[],"taxonomy":"post_tag","extraData":[]},"publishpress_future_workflow_manual_trigger":{"enabledWorkflows":[]},"_links":{"self":[{"href":"https:\/\/www.omop.it\/index.php\/wp-json\/wp\/v2\/pages\/603","targetHints":{"allow":["GET"]}}],"collection":[{"href":"https:\/\/www.omop.it\/index.php\/wp-json\/wp\/v2\/pages"}],"about":[{"href":"https:\/\/www.omop.it\/index.php\/wp-json\/wp\/v2\/types\/page"}],"author":[{"embeddable":true,"href":"https:\/\/www.omop.it\/index.php\/wp-json\/wp\/v2\/users\/1"}],"replies":[{"embeddable":true,"href":"https:\/\/www.omop.it\/index.php\/wp-json\/wp\/v2\/comments?post=603"}],"version-history":[{"count":2,"href":"https:\/\/www.omop.it\/index.php\/wp-json\/wp\/v2\/pages\/603\/revisions"}],"predecessor-version":[{"id":606,"href":"https:\/\/www.omop.it\/index.php\/wp-json\/wp\/v2\/pages\/603\/revisions\/606"}],"wp:attachment":[{"href":"https:\/\/www.omop.it\/index.php\/wp-json\/wp\/v2\/media?parent=603"}],"wp:term":[{"taxonomy":"post_tag","embeddable":true,"href":"https:\/\/www.omop.it\/index.php\/wp-json\/wp\/v2\/tags?post=603"},{"taxonomy":"folder","embeddable":true,"href":"https:\/\/www.omop.it\/index.php\/wp-json\/wp\/v2\/folder?post=603"}],"curies":[{"name":"wp","href":"https:\/\/api.w.org\/{rel}","templated":true}]}}